pose 340555 - 889105 = -90*d. What is the thousands digit of d?
6
Suppose -34*o + 187 = -561. Suppose o*d - 11421 = 14671. What is the tens digit of d?
8
Let o(c) = c**2 + 17*c + 195 - 26*c + 18*c. What is the tens digit of o(0)?
9
Suppose -4*s - h + 5342 = -6990, 0 = -2*h - 8. What is the units digit of s?
4
Let a = -27 - -79. Let g be ((600/10)/10)/3. Suppose -3*t + g*f + f + 87 = 0, -a = -2*t - f. What is the units digit of t?
7
Let j be (-132)/(-55) - 2/5. Suppose -85 = -j*n + 49. What is the tens digit of n?
6
Let m(o) = 2*o + 59. Let x be m(8). Suppose 50 = 3*h - 73. Let v = x - h. What is the units digit of v?
4
Suppose -s = -3*o + 185, -10*s + 9*s = 5*o - 303. Suppose o*i - 4305 = 54*i. What is the units digit of i?
5
Let g(h) = 5049*h + 576. What is the ten thousands digit of g(5)?
2
Let s(g) = 12*g - 37. Let o be (-16)/16 + (-1 - -4) - -64. Suppose 80 = -61*y + o*y. What is the units digit of s(y)?
5
Let t = 648 + -643. What is the tens digit of (1710/24 + t)*20?
2
Let j = -139 + 197. Let a = j - 19. What is the units digit of a?
9
Let a = 6480 - -35419. What is the tens digit of a?
9
Suppose 7*q - 11088 = 11627. What is the hundreds digit of q?
2
Let c = 42766 + -17275. What is the units digit of c?
1
Let i(p) = -p**3 - 7*p**2 - 2*p - 8. Let g(n) = 5*n + 12. Let t be g(-4). Let v be i(t). Suppose 8 = x - v. What is the tens digit of x?
8
Suppose 0 = 3*s - 18, -5*l = -0*l - 3*s - 31132. What is the hundreds digit of l?
2
Suppose 9*n = -6 - 12. Let j be 216/2 + -6*n/(-4). Suppose 7*y + j = 12*y. What is the tens digit of y?
2
Let l = 14 - 14. Suppose l = -5*y + 5*t - 130, t = 4*y + 6*t + 68. Let g = -11 - y. What is the units digit of g?
1
Let s(n) = 4*n**2 + 2*n - 383. What is the hundreds digit of s(-45)?
6
Suppose 3*a + 5*s - 486 = 0, -3*a + 4*s + 465 = 2*s. Suppose -a*b = -153*b - 196. What is the units digit of b?
9
Suppose -5*s - 2017 = 1728. Let u = -500 - s. What is the hundreds digit of u?
2
Suppose -5*g + 2*g - 33 = -3*n, n = 4*g - 1. Suppose -s - n = 12. Let r = -17 - s. What is the tens digit of r?
1
Suppose -4 = 3*w - 3*d - 13, d = -5*w + 15. Suppose -5*p + u = -1491, 2*u = p - w*u - 279. What is the units digit of p?
9
Let i(p) = 6*p**2 - 73*p - 2067. What is the tens digit of i(-37)?
4
What is the ten thousands digit of (1803932/(-104))/((-4)/8)?
3
Let z be 659/7 + 3/(-21) - 2. Suppose 89*m = z*m - 522. What is the units digit of m?
4
Let b be (-2)/(-1) - 0 - 16. Let o = 32 - 28. What is the units digit of (40/(-56) + o/b)*-4?
4
Let d be -1*(1 + -2 + 6) - 4. Let h = d - -12. Suppose -159 - 327 = -h*a. What is the hundreds digit of a?
1
Let c(p) be the second derivative of -19/12*p**4 - 25/2*p**2 + 1/20*p**5 + 11/3*p**3 + 0 + p. What is the units digit of c(18)?
7
Suppose -4*v = -4*w + 19576, 2*w - 5939 = -5*v + 3835. What is the units digit of w?
2
Let t(z) = 16*z**2 - 110*z + 20. Let g(u) = -3*u**2 + 22*u - 4. Let k(n) = 11*g(n) + 2*t(n). What is the units digit of k(19)?
3
Let n(f) be the third derivative of f**4/8 - 13*f**3/3 - 12*f**2. Let d be n(15). Suppose 86 = y - d. What is the hundreds digit of y?
1
Suppose -5*j - 20 = c - 4, 8 = 5*c + 3*j. Suppose 5*s + v = 3483, 5*s - 2*v - 3486 = -c*v. What is the units digit of s?
6
What is the hundreds digit of (-528)/(-22)*921/3?
3
Let r = -34 + 26. Let d(s) = s**3 + 15*s**2 + 25*s + 1. What is the units digit of d(r)?
9
Let d(w) = -4*w + 12. Let p be d(11). Let q be 6/(-4 + (-130)/p). What is the units digit of (456/q)/((-2)/(-16))?
8
Let i be (-60)/16 + 4 - (-147)/4. Suppose -97 = -5*d - i. What is the units digit of d + (-6 - (-1 + -1))?
8
Let d(o) = -o**3 + 26*o**2 - 70*o + 28. Let n be d(23). Suppose c - 833 = 3*t + 668, 0 = -5*c - n*t + 7545. What is the thousands digit of c?
1
Suppose -7*p = -5*p + 2. Let q(l) = -360*l + 7. Let v be q(p). Let a = -220 + v. What is the hundreds digit of a?
1
Suppose -5*u = j - 0*u + 384, -2*j + 4*u = 726. Let i = 752 + j. What is the tens digit of i?
8
Suppose 5*c + 175 = -5*w, 2*c + 62 = 5*w - 3*w. Let f = c + 38. Suppose -3*z + o - 103 = -779, f*z - 5*o = 1110. What is the tens digit of z?
2
What is the thousands digit of 30214 + -15 + 0 + 9?
0
Let p = 5193 - -973. What is the thousands digit of p?
6
Suppose 13*j - 9*j = -9*j. Suppose -41*k + 54*k - 7761 = j. What is the units digit of k?
7
Let v be 48/64 + (-1281)/(-4) + 0. Suppose 10*b - v = 539. What is the tens digit of b?
8
Let i(f) = -f**3 + 60*f**2 + 38*f + 308. What is the units digit of i(54)?
6
Suppose 4*p - 1200 = 728. Suppose 5*r + 3*d = -1445, -5*r = -d - d + 1445. Let s = r + p. What is the units digit of s?
3
Suppose -3*c - 114 = -3*q, 38 = 5*q + 2*c - 138. Suppose 42*d - q*d - 1542 = 0. What is the tens digit of d?
5
Let q be (-7 + 8 - 0)/((-2)/(-106)). Suppose 65*v - 2220 = q*v. What is the hundreds digit of v?
1
Let l be (-76)/(831/276 - 3). What is the hundreds digit of ((l/6)/8)/(1/(-3))?
4
Let q = -484 - -333. Let r = q + 230. Suppose -425 = -6*b + r. What is the tens digit of b?
8
Let q(p) = -3*p**3 - 23*p**2 - 92*p + 15. What is the units digit of q(-15)?
5
Suppose -w - 28 = w. Let r be (-68)/w - (-16)/112. Suppose -4*u = -r*i - 125 - 169, 306 = 4*u + i. What is the units digit of u?
6
Let r(x) = 11348*x + 1842. What is the units digit of r(3)?
6
Let v(i) = i + 3. Let k(d) = d + 4. Let z(n) = 3*k(n) - 2*v(n). Let b be z(0). Suppose b = f - 3*f, -5*f + 259 = 2*a. What is the hundreds digit of a?
1
Suppose 11*z - 4*z = 147. Let u = -17 + z. Suppose 2*h - l - 162 = -51, 159 = 3*h - u*l. What is the units digit of h?
7
Suppose -2*x - 5*m + 9*m = -30672, 4*x + 5*m - 61344 = 0. What is the ten thousands digit of x?
1
Suppose -5*d + 25 = 3*m, -2*m - d - 1 = -6. Suppose 88*g - 87*g - 802 = m. What is the tens digit of g?
0
Suppose -l - a + 9184 = 0, 57*l = 58*l - 3*a - 9200. What is the tens digit of l?
8
Let c(w) = -w**3 + 4*w**2 + 5*w + 4. Let z be c(5). Suppose -z*g - 5 = -121. Suppose 3*t = s + g, 2*t - s - 2 = 17. What is the units digit of t?
0
Let d = -666 - -1395. Suppose d = -5*g + 3094. What is the tens digit of g?
7
Suppose 0 = -7*s + 41*q - 39*q + 309914, 2*s + 4*q - 88524 = 0. What is the tens digit of s?
7
Suppose 0 = 5*j - 6*j. Let s be -10 + (-6 - -2 - j). What is the units digit of (60/s)/((-3)/14)?
0
What is the tens digit of ((103/(-15))/(21/4347) + -1)*-5?
1
Let c(s) = s**3 - 6*s + 5. Let d be c(3). What is the tens digit of (-1013)/(-5) + d/35?
0
Suppose g - 16797 = 2*x, -50*x - 117555 = -7*g - 48*x. What is the hundreds digit of g?
7
What is the thousands digit of 0 - 0 - (-204 + -21158)?
1
Let r = 35613 + -12468. What is the tens digit of r?
4
Let m = 33813 - 15097. What is the ten thousands digit of m?
1
Suppose 8*j - 990 = -2*j. Let d = j - 95. What is the units digit of (14 - -71) + d/((-4)/(-3))?
8
Let k(o) = 3119*o + 1279. What is the units digit of k(12)?
7
Suppose 4*k + 4*t - 5 + 13 = 0, -3*k = -2*t - 14. Suppose -3*z = k*j - 999, -6*z - 2*j + 664 = -4*z. What is the units digit of z?
5
Let f(t) = 11*t**2 - 27*t + 57. Let x(j) = -2*j**2. Let s(b) = -f(b) - 5*x(b). What is the units digit of s(8)?
5
Let b(u) be the second derivative of 19*u**4/12 + u**3/3 + 3*u**2 + 7*u. Let r(a) be the first derivative of b(a). What is the units digit of r(2)?
8
Let r(x) = 749*x**2 - 13*x - 14. What is the units digit of r(-3)?
6
Suppose 2*s + 48187 = 3*b, 2*s + 7995 - 72221 = -4*b. What is the thousands digit of b?
6
Let b = -26592 + 44743. What is the units digit of b?
1
Let n(h) = 4554*h + 1988. What is the units digit of n(3)?
0
Suppose -15*v + 101897 = -11*v + 15*v. What is the tens digit of v?
6
Let n = -25 + 38. Let j(q) = -3*q + 13 - 6*q + 19*q - 4*q. What is the tens digit of j(n)?
9
Let g(x) = 290*x**2 - 795*x + 10. What is the units digit of g(6)?
0
What is the units digit of (-2884 - 0)*(39 - 43)?
6
Let y be -9 - -365 - (-3 + 0 + -1). Let g = 1140 - y. What is the tens digit of g?
8
Suppose -30*v + 109 + 41 = 0. Suppose 281 = v*l - d - 224, 0 = d. What is the hundreds digit of l?
1
Let k(f) = 56*f + 4. Let x = -63 + 61. Let r be k(x). What is the tens digit of -7*(r/8 + 1/(-2))?
9
What is the hundreds digit of 2753762/481 - (-1)/(-13)?
7
Suppose 74*m = 6291474 - 2641128. What is the ten thousands digit of m?
4
Suppose -17 = u - 24. Sup